2. What is c(-4)?
78
Let v(a) = -a**3 + 2*a - 8. Determine v(-4).
48
Let o(s) = 2*s**3 + 47*s**2 - 15*s + 115. Give o(-24).
-101
Let a(f) = f**3 + 79*f**2 - 598*f + 309. Determine a(-86).
-35
Let m(k) = -2495*k - 39915. Give m(-16).
5
Let x(k) = 314*k - 35790. Determine x(114).
6
Let c(d) = 3*d**2 + 482*d + 4388. Determine c(-151).
9
Let y(h) = 799*h + 5598. Determine y(-7).
5
Let p(z) = -13*z**2 - 409*z - 3207. Determine p(-15).
3
Let y(h) = h**3 - 8*h**2 + 13*h - 97. Calculate y(8).
7
Let n(z) = 188*z - 3013. Calculate n(16).
-5
Let j(u) = 343*u + 29. Determine j(-1).
-314
Let p(h) = 2*h**3 - 118*h**2 - 41*h + 2440. Calculate p(59).
21
Let s(i) = i**3 - 12*i**2 + 8*i + 20. Determine s(11).
-13
Let w(z) = 244*z - 36. Calculate w(2).
452
Let k(b) = 2*b**2 - 25*b - 53. Determine k(15).
22
Let o(s) = -15*s**2 + 1. Determine o(-3).
-134
Let h(i) = 24*i**2 - 5856*i - 4. What is h(244)?
-4
Let u(m) = 52*m - 1032. Determine u(20).
8
Let b(h) = -h**3 + 28*h**2 + 99*h + 939. Give b(32).
11
Let d(z) = -61*z - 213. What is d(-2)?
-91
Let h(n) = -62*n - 1091. Determine h(-16).
-99
Let s(y) = -543*y + 105. What is s(0)?
105
Let k(q) = 3*q**3 + 179*q**2 - 2663*q + 57. Calculate k(-72).
-15
Let z(f) = 857*f + 36848. Calculate z(-43).
-3
Let k(l) = -l**3 + 21*l**2 - 19*l - 10. Calculate k(20).
10
Let z(b) = -79*b - 4839. Give z(-57).
-336
Let k(x) = 91*x + 3452. What is k(-38)?
-6
Let o(c) = 4*c**2 + 89*c + 341. Give o(-18).
35
Let u(l) = l**3 - 8*l**2 - 426*l + 69. Give u(25).
44
Let f(z) = 8*z + 367. Give f(-24).
175
Let h(z) = z**3 + 12*z**2 + 158. What is h(-13)?
-11
Let d(j) = j**3 + j**2 - 2*j + 213. Determine d(0).
213
Let x(q) = 30*q - 47. Calculate x(10).
253
Let a(x) = -30*x - 1841. Calculate a(-59).
-71
Let l(w) = -28576*w + 142886. What is l(5)?
6
Let f(p) = -p**3 - 23*p**2 - 6*p - 668. What is f(-24)?
52
Let h(m) = 2*m**3 + 9*m**2 + 9*m + 69. Calculate h(-5).
-1
Let s(w) = -3*w**3 - w**2 + 2*w + 3. Determine s(-2).
19
Let c(s) = s**2 + 290*s + 1975. Determine c(-7).
-6
Let a(x) = -20*x + 88. Give a(6).
-32
Let m(n) = n**2 - 204*n - 1920. What is m(-9)?
-3
Let p(s) = s**3 + s**2 - 5*s - 4. Determine p(0).
-4
Let z(g) = -g**3 - 5*g**2 + 53*g - 9. What is z(-10)?
-39
Let m(o) = -2*o**2 + 29*o + 80. Calculate m(16).
32
Let v(a) = -886*a - 8003. Determine v(-9).
-29
Let a(z) = 22*z - 1689. Calculate a(78).
27
Let o(x) = -5*x**2 - 9*x - 2. Determine o(9).
-488
Let c(a) = 44*a**3 + 2*a**2 - 21*a + 20. What is c(1)?
45
Let j(g) = 9*g**2 + 873*g - 903. What is j(-98)?
-21
Let b(t) = 12*t**2 - 449*t - 448. What is b(-1)?
13
Let l(c) = -c**3 + 20*c**2 - 30*c + 101. Calculate l(20).
-499
Let i(t) = 7*t**2 - 7*t + 33. Give i(2).
47
Let f(c) = 4*c**3 - 62*c**2 + 113*c + 9. Calculate f(2).
19
Let j(g) = -3*g**2 + 87*g + 96. Calculate j(29).
96
Let y(j) = j**2 - 8*j + 10. Give y(6).
-2
Let l(y) = -564*y + 40605. What is l(72)?
-3
Let t(p) = 2*p**3 - 12*p**2 + 61*p - 261. Determine t(5).
-6
Let o(w) = -11*w**2 - 5*w - 476. What is o(0)?
-476
Let p(j) = j**2 - 38*j + 237. Calculate p(30).
-3
Let s(k) = 89*k - 1349. Determine s(15).
-14
Let b(k) = -k**3 + 2*k**2 - 157*k + 311. Give b(2).
-3
Let c(t) = -t**3 + 22*t**2 - 22*t + 68. Give c(21).
47
Let s(a) = 3*a**2 - 43*a + 3. Give s(14).
-11
Let c(r) = -r**3 + 7*r**2 + 142*r - 619. Give c(14).
-3
Let c(g) = g**3 - 77*g + 289. Give c(4).
45
Let a(x) = x**2 + 33*x + 176. Calculate a(-6).
14
Let m(u) = 62*u + 553. Determine m(-7).
119
Let q(b) = -b**3 - 13*b**2 + b + 25. Give q(-11).
-228
Let w(r) = r**3 + 56*r**2 + 7*r - 1620. What is w(-55)?
1020
Let j(a) = -31*a + 186. Calculate j(8).
-62
Let n(p) = -12*p**2 + 35*p - 186. Determine n(6).
-408
Let t(c) = -28*c + 247. What is t(5)?
107
Let v(q) = 2*q**3 + 42*q**2 - 155*q - 180. Calculate v(-24).
84
Let m(g) = -2*g**3 - 96*g**2 - 353*g - 48. What is m(-44)?
-4
Let a(d) = -3*d**2 - d + 375. Give a(-16).
-377
Let q(h) = h**2 + 67*h + 707. Calculate q(-54).
5
Let r(t) = -2*t**3 + 13*t**2 + 8*t - 27. Calculate r(6).
57
Let j(p) = 83*p**2 - 13530*p + 164. Determine j(163).
1
Let a(r) = 114*r + 2383. Determine a(-21).
-11
Let k(w) = -w**3 + 122*w**2 + 776*w - 1013. Determine k(128).
11
Let y(q) = -q**3 - 31*q**2 - 81*q + 58. Determine y(-28).
-26
Let z(l) = 732*l + 152251. Determine z(-208).
-5
Let o(m) = -108*m + 860. What is o(9)?
-112
Let h(p) = -7*p**2 + 7*p + 16. Determine h(4).
-68
Let d(i) = 83*i + 506. Determine d(-6).
8
Let l(y) = 2*y**3 + 25*y**2 - 12010*y + 169. What is l(-84)?
1
Let q(k) = k**3 - 162*k**2 + 201*k - 6477. Give q(161).
-37
Let n(s) = -13*s**2 - 83*s - 37. Determine n(-6).
-7
Let u(s) = -33*s**2 - 11*s - 4. Determine u(3).
-334
Let k(h) = -12*h**2 - 184*h - 713. Give k(-7).
-13
Let y(l) = -29*l - 370. Calculate y(-12).
-22
Let m(h) = h**3 + 7*h**2 - h + 1. Give m(-7).
8
Let m(j) = 7*j - 67. Give m(14).
31
Let y(b) = -b**3 - 14*b**2 + 235*b - 116. Calculate y(-24).
4
Let d(u) = u**3 - u**2 - 20*u + 66. What is d(4)?
34
Let n(z) = 2*z**3 + 13*z**2 + 588*z + 4164. Calculate n(-7).
-1
Let n(t) = t**3 - 40*t**2 - 90*t + 258. Calculate n(42).
6
Let k(n) = -3*n**2 - 142*n - 444. What is k(-44)?
-4
Let y(v) = -12*v - 310. Calculate y(5).
-370
Let a(m) = 690*m - 7597. Calculate a(11).
-7
Let d(f) = -f**3 + 39*f**2 - 26*f + 433. Calculate d(38).
889
Let h(y) = 76*y + 309. Give h(0).
309
Let n(s) = s**3 + 17*s**2 + 34*s + 92. Determine n(-15).
32
Let x(j) = j**3 - 43*j**2 + 83*j - 125. Determine x(41).
-84
Let q(d) = d**2 + 54*d + 444. Determine q(-10).
4
Let g(x) = -x**2 + 17*x + 530. What is g(-16)?
2
Let c(k) = 41*k + 427. What is c(-26)?
-639
Let j(i) = -2*i**2 + 46*i + 276. What is j(-5)?
-4
Let r(q) = -110*q + 593. Give r(6).
-67
Let j(w) = -w**2 - 296*w - 15669. Calculate j(-227).
-6
Let m(s) = -s**2 - 88*s - 1100. Give m(-15).
-5
Let j(n) = n**3 - 4*n**2 + 94*n - 780. Determine j(7).
25
Let s(c) = 31*c**2 - 640*c + 639. Calculate s(1).
30
Let g(p) = -46*p - 2025. Give g(-44).
-1
Let t(p) = -182*p - 569. Give t(-4).
159
Let z(y) = y**3 + 140*y**2 + 1062*y + 769. Determine z(-132).
-23
Let h(j) = -8*j - 944. Calculate h(-119).
8
Let o(g) = g**2 + 149*g + 3191. Give o(-123).
-7
Let o(k) = 159*k + 886. Calculate o(-5).
91
Let t(w) = 9*w + 472. Give t(-51).
13
Let u(m) = 53*m + 7382. Give u(-137).
121
Let r(f) = -339*f + 5843. Give r(17).
80
Let k(o) = -o**3 - 16*o**2 - 15*o - 20. Determine k(-15).
-20
Let u(s) = 8*s - 267. Calculate u(30).
-27
Let y(l) = -10*l**2 - 396*l + 55. Determine y(-40).
-105
Let v(i) = -2*i**2 + 36*i - 138. Give v(7).
16
Let l(x) = -18*x + 19. What is l(0)?
19
Let f(g) = -6*g**3 + 6*g**2 - 6*g + 4. Give f(2).
-32
Let l(d) = -d**3 + 11*d**2 + 11*d - 205. Determine l(10).
5
Let g(s) = -19*s**3 - s**2 - 89*s - 183. Give g(-2).
143
Let a(o) = -o**2 - 26*o + 1953. Determine a(33).
6
Let v(t) = t**3 - 25*t**2 - 50*t - 172. Determine v(27).
-64
Let u(a) = 228*a - 2049. What is u(9)?
3
Let q(l) = -3*l**3 - 56*l**2 + 2*l + 690. Calculate q(-18).
6
Let m(u) = 15*u - 45. Give m(5).
30
Let j(l) = l**3 + 18*l**2 + 20*l + 33. Give j(-18).
-327
Let y(u) = u**3 - 20*u**2 + 6*u + 1. Give y(20).
121
Let q(m) = m**2 - 177*m + 7745. Calculate q(98).
3
Let t(o) = 319*o - 69. Determine t(-1).
-388
Let f(s) = -5*s**2 + s + 389. What is f(0)?
389
Let d(j) = -j**3 + 7*j**2 + 12*j + 67. Determine d(9).
13
Let a(m) = 487*m - 3415. What is a(7)?
-6
Let d(q) = q**2 + 346*q + 29920. Determine d(-175).
-5
Let p(g) = -g**3 - 121*g**2 - 794*g + 24. Determine p(-7).
-4
Let r(z) = -2*z**3 - 84*z**2 + 1855*z + 2. Calculate r(16).
-14
Let h(m) = 3*m**2 - 463*m - 1907. Give h(-4).
-7
Let v(z) = -z**2 + 2*z + 25. Give v(-3).
10
Let k(w) = -140*w - 142. Give k(-1).
-2
Let t(u) = -94*u**2 - 7*u - 6. Give t(-1).
-93
Let x(l) = -l**3 + 67*l**2 + 61*l - 17. Determine x(68).
-493
Let l(j) = j**3 - 124*j**2 + 234*j + 1214. Calculate l(122).
-6
Let t(m) = -m**3 + 7*m**2 - 29*m + 3. Calculate t(10).
-587
Let m(n) = -24*n + 574. What is m(33)?
-218
Let q(n) = 35*n**3 - 4*n**2 + 5. What is q(1)?
36
Let p(a) = a + 88. Calculate p(-68).
20
Let a(c) = 264*c**2 - 3437*c + 91. Give a(13).
26
Let m(t) = -11*t**2 + 119*t - 371. Give m(7).
-77
Let j(r) = -r**2 + 84*r - 250. Give j(81).
-7
Let y(a) = -4*a**3 + 9*a**2 + 27*a - 59. What is y(4)?
-63
Let o(k) = k**2 - 204*k + 823. Calcul